
-1
Suppose 0 = 2*t - 3 - 3. Let h(c) = c**2 - 3*c. Let j be h(t). Let k(u) = -u**3 + 7. Give k(j).
7
Suppose -k - 31 = -27. Let h(j) = -j**2 - 2*j + 4. Determine h(k).
-4
Let m(b) be the third derivative of b**6/120 - b**5/10 + 7*b**4/24 - 7*b**3/6 + 6*b**2. Let n be m(5). Let o(d) = -d**3 + 5*d**2 - d - 3. Give o(n).
12
Let b(p) = p - 1. Suppose -3*r - 3 = 3. Let g be (-7)/(-3) - r/3. Let a be (-6)/(-9)*(-18)/g. What is b(a)?
-5
Let t(u) = u - 2. Suppose 5*g = -3*a - 14, 4*a - 5*g = -g - 8. Calculate t(a).
-5
Let c(b) = -3*b**3 + 2*b**3 - 5*b - 4 - 5*b**2 + 1 + 0*b**2. Determine c(-5).
22
Let u(i) = 3 - 2 - i - 3 + 0. What is u(-3)?
1
Let x(s) = -s**2 - s + 1. Let a be x(-2). Let f(h) be the first derivative of -2 + 0*h**2 - 2/3*h**3 + h. Calculate f(a).
-1
Let g(y) be the first derivative of 9*y**2/2 + 2*y - 12. Determine g(-2).
-16
Let l(t) be the first derivative of -t**5/60 - 5*t**4/24 - 7*t**3/6 + t**2/2 + 1. Let n(v) be the second derivative of l(v). What is n(-5)?
-7
Let g = -30 - -34. Let u(t) = 6*t**2 - 2*t**2 + 3*t - t**3 - 14 + 12. What is u(g)?
10
Let l(t) = -t**2 + 8*t - 9. Let i = 23 - 17. What is l(i)?
3
Suppose 42 = 5*i + 3*j, -i = -2*j - 0 + 2. Let w(u) = u - 4. What is w(i)?
2
Let p(t) = t**2 + 3*t + 1. Let q(k) = -k**2 - 4. Let i be q(4). Let n be (-12)/i - (-18)/(-5). What is p(n)?
1
Let s(w) = -w**2 + 8*w - 5. Let p = 17 - 12. Let b be s(p). Suppose t = -t + b. Let f(a) = -a + 7. Determine f(t).
2
Suppose -1 = o, 5*m = 2*m + 4*o - 14. Let w(z) = -3*z - 3. Determine w(m).
15
Let y(z) be the third derivative of -z**6/120 - 7*z**5/60 - z**4/4 - z**3/2 - z**2. Determine y(-6).
-3
Let z be (25/20)/(2/(-8)). Let p = 7 + z. Let a be (2 + 9/(-6))*p. Let d(o) = -4*o**3 - o**2 + o - 1. What is d(a)?
-5
Let r(h) be the first derivative of 2*h**2 - h - 2. Let k(x) = x - 1. Let v(q) = -5*k(q) + r(q). Calculate v(4).
0
Let q(n) = n**3 - 4*n**2 - 5*n + 1. Let h be q(5). Let k(t) = -1 - h + 2*t**2 - 1 + t + 4. What is k(-2)?
7
Let w(p) = 4*p**3 + 6*p**2 + 31 + 2*p**3 - 6*p + 25. Let o(z) = -z**3 - z**2 + z - 11. Let i(s) = 11*o(s) + 2*w(s). Give i(0).
-9
Suppose z + 2*z - 60 = 0. Suppose 3*i - z = 7*i. Let l(t) = t**3 + 4*t**2 - 5*t + 1. What is l(i)?
1
Let a(i) = -i - 5. Let m be a(-5). Suppose m*z + 4 = 2*z. Let d(n) = 3*n - z*n - 6*n + 4*n. What is d(3)?
-3
Suppose 0 = d - 6*d + 5. Let g(p) = -6*p - 4. Let a(f) = 7*f + 5. Let u(s) = -5*a(s) - 6*g(s). Calculate u(d).
0
Let p(o) = o - 6. Let h be 2 + -3 + 10/2. Calculate p(h).
-2
Let b(w) be the second derivative of -2/3*w**3 - 1/20*w**5 - 2*w - 2*w**2 + 0 + 1/2*w**4. Let y be (-1)/(-2) + (-27)/(-6). Determine b(y).
1
Let g = -164 - -164. Let o(v) = v**3 + v**2 + 10. Calculate o(g).
10
Suppose -4*a = 5 - 17. Let y(z) = -7*z**3 + 4*z**2 - 3*z + 2. Let h = 14 - 7. Let d(i) = 15*i**3 - 9*i**2 + 7*i - 5. Let v(u) = a*d(u) + h*y(u). Give v(1).
-4
Let p(v) = 0*v - 3*v + 5*v. Suppose 0 = 4*c - 5*c + 2*m - 4, -m = -c - 3. Determine p(c).
-4
Let l(b) be the second derivative of b**5/20 + b**4/6 - b**3/6 - b**2/2 + 3*b. Suppose 2*y - 5*q = -24, 3*q - 32 + 12 = 4*y. Calculate l(y).
1
Let j(m) = m - 14. Suppose t + y + 0 - 10 = 0, t - 5*y = -14. Give j(t).
-8
Let v(g) = g**2 - g + 1. Let u(x) be the first derivative of -2*x**2 - 2*x - 6. Let a(t) = u(t) + v(t). Calculate a(4).
-5
Let f(i) = 6*i - i**2 + 0*i**2 - 5*i - 2*i - 10. What is f(0)?
-10
Let c = -2 + 10. Let u = c + -3. Suppose -4*x + 1 = -2*d + 5, -u*d - 3 = 3*x. Let n(s) = -5*s - 1. Determine n(x).
4
Let f(x) = -37*x + 15*x + 22*x - 1 - x**2. Give f(-3).
-10
Let n = -5 + 1. Let k(c) = c + 1. Let y(u) = -u. Suppose 0*s + 2*s + 12 = 0. Let j(o) = n*k(o) + s*y(o). Calculate j(3).
2
Let w(z) = -z**3 - 4*z**2 - 3*z - 1. Let j(k) = 2 - 2*k**3 + k**3 + 6*k**2 - 9 - 3*k. Let v be j(5). Let l = 1 - v. Calculate w(l).
-3
Let r(h) = -h**2 + h + 5 - 4*h + 9*h. Determine r(7).
-2
Let n(l) be the first derivative of -1/3*l**3 - 2 + 7/2*l**2 - 4*l. Suppose 5*p - 18 = 2*p. Calculate n(p).
2
Let v(a) = 8*a - 3. Let c be 8*2/((-6)/(-3)). Let b(y) = 12*y - 5. Let s(d) = c*v(d) - 5*b(d). Give s(1).
5
Suppose -5*p - 31 = -3*h, 12 = -4*h - p - 3*p. Let u = 8 + -3. Let r(v) = 3 - u + 4 - 2*v**2 - 2*v. Give r(h).
-10
Let q(v) be the first derivative of -v**3/3 + v**2/2 + 3*v - 39. Give q(0).
3
Let o(j) = 3*j**2 + 6 - 5*j**2 + 3*j**2. Suppose 3*d - 24 = 3. Let v be 0*(1 - d/6). What is o(v)?
6
Let f(x) be the second derivative of x**7/840 - x**6/120 - x**5/20 + x**4/4 + 2*x**3/3 + 4*x. Let g(m) be the second derivative of f(m). Calculate g(4).
-2
Let w = -12 - -40. Suppose p - 6*p + 29 = d, 4*p = -2*d + w. Suppose 0 = -d*c + 3*l - 6, l + 2*l = 2*c. Let o(x) = -x + 2. Calculate o(c).
5
Let o(s) = s**3 + 2*s**2 - 2*s - 4. Suppose 2*q - 20 = -26. Calculate o(q).
-7
Let i(u) be the first derivative of 3/2*u**2 + 5 + 2*u. Determine i(3).
11
Let n(r) = -r - 1. Let d = -8 - -12. Let z(m) = -m - 2. Let o(a) = d*z(a) - 5*n(a). Calculate o(5).
2
Let g(n) = -2*n**2 + n - 6. Let r(z) = z**3 - 6*z**2 + 3*z - 17. Suppose 185 = -5*q + 55. Let m = 9 + q. Let f(l) = m*g(l) + 6*r(l). Give f(1).
5
Let r(f) be the first derivative of f**3/3 + 5*f**2/2 + 4*f - 31. Suppose -3*j + 17 = -2*j - 5*i, 0 = -3*j + 5*i + 11. Determine r(j).
-2
Let f(x) = x**3 - 5*x**2 + x + 4. Let m be f(5). Suppose -m = r - 12. Let p be r - (-3)/((-9)/15). Let c(i) = i + 1. Calculate c(p).
-1
Let x(n) = n**3 - 5*n**2 - 2*n**2 + 6*n + 0 - 2. Let s be x(6). Let l(m) = m + 1. Calculate l(s).
-1
Let y(z) be the first derivative of 2*z**3/3 + 2*z**2 + 2*z - 1. Let r = 90 - 92. What is y(r)?
2
Let y = 14 + -13. Let g(h) be the first derivative of 1/2*h**2 - y - h. What is g(0)?
-1
Let z(j) = j**3 + 6*j**2 + 3*j + 9. Let c = -15 + 9. What is z(c)?
-9
Let q(l) = -3*l. Let s(v) = v**2 - 4*v - 7. Suppose -3*d - y - 13 = 0, -4*d - 2*y = 4 + 16. Let o(a) = a**2 - 4. Let k be o(d). Let h be s(k). Determine q(h).
6
Suppose 4*k = 3*b - 2 + 9, -k + 16 = 4*b. Suppose -3*t = -8*t - k*o - 8, o = -2. Let a(m) = m**3 - 2 + 2 - 1 + t*m**3. Calculate a(1).
0
Let o(k) be the second derivative of k**3/6 - 3*k**2/2 + 10*k. Suppose -3*n = 3*i, -2*i - 3*i = -3*n - 40. Give o(i).
2
Let k(d) = d**2 + 9*d + 9. Let y(o) be the first derivative of o**3/3 + 4*o**2 + 8*o - 11. Suppose -6*i + 3*i = 12. Let c(a) = i*y(a) + 3*k(a). What is c(-5)?
-5
Let k(q) = -q**2 - 4*q + 7. Suppose -t + 2*l = -5*t - 30, 0 = -2*t + 5*l + 3. What is k(t)?
-5
Let u(f) = f**2 - 5*f + 1. Let t be 80/24 + 2/3. Suppose -q - t*x + 46 = 4*q, 5*q - 38 = -2*x. Calculate u(q).
7
Suppose 6*f = f. Suppose -14 = -5*h - o, -h - 2*h - o + 8 = f. Let i(d) be the first derivative of d**4/4 - 2*d**3/3 - 3*d**2/2 - 1. Determine i(h).
0
Let d(w) be the first derivative of w**2 - 4*w + 9. Let z(m) = m + 9. Let a be z(-8). Let c be 2*a + (-5)/(-5). Give d(c).
2
Let c(b) = -6*b**2 - b + 1. Let n(g) = -7*g**2 + 2. Let a = 12 + -7. Let z(r) = a*c(r) - 4*n(r). What is z(-3)?
-6
Let t be 3*-1 - (4 + -8). Let c be (-1 + -5)/(2/t). Let u = c + 3. Let w(n) = -n - 2. Determine w(u).
-2
Let i(j) = -j**2 + 4*j + 1. Let g be i(4). Let x be (1 - g) + 16/4. Let t(v) = -1. Let p(b) = -3*b + 5. Let m(a) = p(a) + 2*t(a). What is m(x)?
-9
Let a = 0 - 2. Let k(s) = s**3 - 15*s**2 - 17*s + 16. Let w be k(16). Let n be (0 - w)/(3 + a). Let y(c) = c**3 - 3. Give y(n).
-3
Let h(i) be the first derivative of 0*i - 1 + 1/3*i**3 + i**2. Determine h(-2).
0
Let j = 19 + -10. Let a be (3/1)/(j/6). Suppose -a*m - 2*m = 3*s + 8, -3*s + m = -17. Let n(g) = g**3 - 4*g**2 + 2. Calculate n(s).
2
Suppose 0 = 3*f + f - 4. Let g(s) = -f - s + 6*s**3 - s**3 + 0*s**2 + s**3 + s**2. Let r be (3 - 1) + 9/(-3). What is g(r)?
-5
Let f(v) be the third derivative of -v**4/6 - 2*v**3/3 + 15*v**2. What is f(-6)?
20
Let k(z) be the second derivative of z**4/6 + z**3/2 + 3*z**2/2 + 5*z. Let s be k(-2). Let r(p) = p - 5. Determine r(s).
0
Let c(n) = -3*n + 11 - 10 + 0*n. What is c(-3)?
10
Suppose -3*p = 2*p - 20. Suppose p*v + 12 = 0, -2*o - v + 1 = -2. Suppose 4*q + 0*c - c = -o, 4*c + 9 = -5*q. Let b(t) = -5*t**2 + 2*t + 1. Give b(q).
-6
Let k(j) = -7*j - 4*j + 2 - 1 + 5*j. What is k(3)?
-17
Let q be ((-7 - 2)/(-3))/(-1). Let r(j) be the first derivative of -j**4/4 + 4*j**3/3 - j**2/2 - 2. Let o(t) = t - 1. Let y(v) = q*o(v)